= -190*v**3 - 40*v**2 - 9*v + 19. Is x(-6) a composite number?
True
Suppose 3*s + 0*s = -2112. Let f = -231 - s. Is f a prime number?
False
Let u(i) be the third derivative of 7*i**4/8 - 3*i**3 - 4*i**2. Let o(r) = -18*r - 1. Let h be o(-1). Is u(h) composite?
True
Suppose 119 = 7*o + 35. Let b(m) = 27*m - 17. Is b(o) a composite number?
False
Let j = -38 + 64. Suppose 0 = -3*c - 4*m + j, -2*c = 2*c - 2*m - 64. Is c composite?
True
Let f(q) = -141*q**3 - 2*q**2 + 3*q - 6. Let k be f(2). Let o = 141 - k. Is o composite?
False
Let b = 15 - 14. Let s be 803 - b/(1 - 0). Let c = s - 533. Is c a prime number?
True
Suppose 0*h - 4*h + 192 = 0. Let o be (-1)/3 - ((-579)/9 - 7). Let k = o - h. Is k prime?
True
Is 62984/28 - -1 - 4/(-7) a composite number?
False
Let g = 4016 + 33935. Is g a composite number?
False
Let c(d) = 3*d + 1. Let v be c(3). Let r be (14/35)/(4/v). Is 4/r*(-45)/(-12) prime?
False
Let k = 26 - 15. Suppose -k*n = -6*n - 2*w - 1736, -4*n = 3*w - 1375. Is n prime?
False
Suppose 2*i = -5*k - 274, k = 4*i + 2*k + 566. Let a = -286 - -274. Is 2/(8/a) - i composite?
False
Let c = 18597 + -7084. Is c a composite number?
True
Suppose -3*r = n - 4*n + 18, 12 = n - 3*r. Let q be -4 + 2 + -1 - -1. Is (n/q)/(1/(-46)) a prime number?
False
Let l(s) = -2*s - 14. Let i be l(-7). Suppose 4*o + 4*t = -i*o + 1404, 2*o - 5*t - 674 = 0. Is o prime?
True
Suppose -136 = 49*n - 51*n. Let x = 217 - 70. Let c = x - n. Is c a prime number?
True
Let l(z) be the second derivative of z**4/12 - 4*z**3/3 - 5*z**2/2 - 6*z. Let p be l(8). Is (5/p)/((-1)/19) prime?
True
Suppose c + 2*d - 4 = 0, 7 = -c + 3*d + 1. Suppose c = w - 38 - 36. Let l = -36 + w. Is l a prime number?
False
Suppose 5*i = -m + 10, -5*i - 5*m = -31 + 1. Is -5 + i + 7686/7 a prime number?
False
Suppose 3149 = 3*k - 7411. Suppose -5*d + 2025 = -k. Is d a prime number?
True
Let u(d) = 11*d**2 - 21*d + 173. Is u(-22) a composite number?
True
Suppose -5*q - 4*u + 1717 = 0, 5*q = -5*u + 68 + 1647. Let w = 638 - q. Is w a composite number?
False
Let v be ((-696)/10)/((-14)/525) - 0. Suppose -8*d - 874 = -v. Is d a composite number?
True
Let d(o) = 29*o**2 + 4*o + 1. Is d(6) prime?
True
Let n = 1022 - -1114. Let i = -416 + n. Suppose -23 = -3*s + i. Is s prime?
False
Let l be 2*-2*2/(-4). Suppose -2*y + 2004 = l*y. Is y a prime number?
False
Is (-4)/(48/(-375)) - (-14)/(-56) a composite number?
False
Let w be (-12)/(-10)*(5 + -4 + 9). Let n = 38 + -110. Is (342/n)/((-1)/w) composite?
True
Let g(k) be the first derivative of 108*k**2 - 19*k - 7. Is g(11) composite?
False
Let z(x) = -2*x - 4*x + 5*x + 9. Let a be z(7). Is a - (-3 - -3) - -17 a composite number?
False
Let o(s) = s + 35. Let j be o(-16). Suppose 0 = -5*h + j + 3346. Is h a prime number?
True
Suppose -2*w = 3*w - 3*f - 2633, 5*w = f + 2641. Is w prime?
False
Let j = 435 - 651. Let u = 467 + j. Is u prime?
True
Let g = 6689 - 3556. Is g a composite number?
True
Suppose 0 = 5*l - 3*q - 1367, -3*l - q + 1178 - 355 = 0. Suppose 4*a - l = 210. Is a prime?
False
Let g be 2*(-2 - -5)/3. Let d be (20/25)/(g/(-15)). Let r = d - -71. Is r a prime number?
False
Let y be (632/(-3))/(2/(-6)). Let z be 2/4*(3 - (2 + -5)). Suppose 2303 = z*b + y. Is b prime?
True
Let a(h) = -h**3 - 5*h**2 - 2*h - 7. Let x be a(-5). Let q(n) = 12*n**2 + n + 2. Is q(x) composite?
False
Let x(d) = d + 1. Let q(m) = 20*m**2 + 10*m + 1. Let n(f) = -q(f) + 5*x(f). Let j be n(4). Let g = 491 + j. Is g a composite number?
True
Suppose -5*w + 3*w + 6 = 0. Suppose -w*o = 3*g - 1926, o - 601 = g + 39. Is o a prime number?
True
Let y = 15 - 9. Suppose -4*j = -y - 2. Suppose 4*c - 2*a - 89 = -c, j*a - 82 = -4*c. Is c prime?
True
Let b = -200 - -338. Let l = 457 - b. Is l composite?
True
Suppose 0 = -4*d + 5*x, -3*d - 4*x = 2*d - 41. Suppose 2*p = -d*w - 16, w - 5*p + 4*p - 1 = 0. Is w + 5/((-15)/(-783)) a prime number?
False
Suppose 5528 = 4*l - 5*s + s, 5*l + 5*s = 6900. Is l a prime number?
True
Let b = 50 + -50. Suppose b = -7*l - 2844 + 7835. Is l a composite number?
True
Let l(a) = -a**3 + 8*a**2 + 2*a - 12. Let n be l(8). Suppose 4*t + 252 = -2*i, -n*t = -5*i - 3*t - 663. Let v = -79 - i. Is v composite?
False
Let l(w) = 16*w + 16. Let c be l(4). Let q = 46 - -129. Let n = q - c. Is n composite?
True
Suppose 2195*o - 2194*o = 9491. Is o prime?
True
Suppose -15 = -0*p - 3*p. Suppose 357 - 82 = p*f. Let o = f - -122. Is o composite?
True
Suppose 21*f = 58208 + 27703. Is f a composite number?
False
Let p(a) = 3191*a**2 - 175*a + 3. Is p(4) a prime number?
True
Suppose -5*c = -2*b - 352520, 5*c - 7*b - 352530 = -3*b. Is c composite?
True
Let r = 14083 - 7310. Is r composite?
True
Let w be (-2)/(-17) + (-132)/(-34). Suppose -2*i + 799 = -w*x + 25, -5*x + 1509 = 4*i. Is i a composite number?
True
Suppose -r - 2 + 4 = 0. Suppose s + 293 = r*s. Is s prime?
True
Suppose -36*w - 176840 = -1045196. Is w prime?
True
Is ((-68)/(-8))/((88/3056)/11) a composite number?
True
Suppose 2*a + 8 = 6*a. Suppose -2*g - 3*i = -6*g - 860, 2*g = -a*i - 416. Is 3/((-12)/g)*1 prime?
True
Suppose -s - 6 = 2*x - 0, -5*s - 75 = -5*x. Let i(q) = 4 - 10 - 24*q + 11. Is i(s) prime?
True
Let f be (3/(-1) - -105) + (-4 - -7). Suppose -4 - 2 = -i. Suppose -t + f = -i. Is t a composite number?
True
Let d = 103 - -92. Let z = 516 - d. Is z a composite number?
True
Let a(k) = 2423*k - 283. Is a(6) prime?
False
Let n = -145 + 157. Is 8337/24 - n/32 prime?
True
Suppose 3*p + b - 6*b = -20, 8 = -3*p + 2*b. Let s(j) = -j**2 + 34. Is s(p) a composite number?
True
Let v = 618 + 5021. Is v prime?
True
Let k(x) = 53*x**3 - x**2 - 3*x - 3. Let j be k(3). Let n = j + -999. Is n composite?
True
Suppose 2*b = -r + 2, 0 = -r - 4. Suppose -2381 + 326 = -b*w. Is w a prime number?
False
Let h = -15 - -17. Let x(m) = 2*m + m**3 - 3*m**3 + 2*m - 4*m**h + 10. Is x(-4) a prime number?
False
Let d be 27/6 - (-2)/(-4). Suppose 0 = 11*l + 2*l - 26. Suppose -g + 3*g = l*u - 62, -3*g = -d*u + 119. Is u prime?
False
Suppose 436*i - 37482 = 430*i. Is i prime?
True
Let m(x) = 11394*x + 29. Is m(1) prime?
True
Let p(z) = 62*z + 655. Is p(51) composite?
True
Let p = -112 - -89. Is (12/(-3) + -15)*p prime?
False
Let r = 46201 - 16284. Is r a composite number?
False
Let r(s) = -6*s + 38. Let g be r(6). Suppose -3*q = -4*k + 1048, -g*k + 7*k - 1303 = 2*q. Is k composite?
True
Suppose -3*y + 4 = -2*y. Suppose -6 = -x - 0. Suppose x*d - 212 = y*d. Is d a composite number?
True
Suppose t + i = -13, -t - t + 9 = -5*i. Let q(g) = g**3 + 7*g**2 - 5*g + 4. Let w be q(t). Is 5/(w/1698)*-2 a composite number?
True
Let n(b) = 961*b**2 + b - 7. Is n(2) composite?
True
Is ((-5)/(-10))/((-13)/(-311558)) prime?
False
Let b = 495 - -3. Let v = b + -272. Is v prime?
False
Let n(k) = 2*k**2 + 19*k - 32. Let h be n(21). Let b = h + 1968. Is b a prime number?
True
Suppose 2*y - 41 - 19 = 0. Let z be (-267)/15*y/(-6). Suppose -r - 3*r = 4*v - 104, 4*r - z = v. Is r composite?
False
Is 87765/27 + (-156)/(-351) a composite number?
False
Suppose -19*d - 14616 = -12*d. Let s = 3009 + d. Is s composite?
True
Let s = 9418 - 2419. Is s a prime number?
False
Let q(t) = -114*t**3 - t**2 + 1. Let b be q(-1). Suppose 5*g - 65 = -2*i + b, -5*g + 2*i = -191. Is g prime?
True
Suppose 3*c = d, d + 2*c = 4*d - 14. Suppose 3*o = d*o. Is (931 + -10)*(o + 1) composite?
True
Let b = -2077 + 3142. Is (7/21)/(1/b) prime?
False
Let x be -1 + 2 + (5 - 1). Suppose -4*k = -x - 11. Suppose -3*b + 272 = 4*q - 417, k*q = 2*b - 486. Is b composite?
True
Let u(p) = 2*p**3 - 2*p**2 - 12. Let w be u(0). Is (-4)/16*-3355 - 3/w a composite number?
False
Let b(k) = -k**3 + 9*k**2 + 2. Let f be b(9). Let h(r) = 5*r**2 + 3. Let y be h(f). Suppose 2*x - y = 29. Is x a composite number?
True
Let g = -451 + 2090. Is g prime?
False
Suppose 2*f = f + 2292. Let p(r) = -r**3 + 10*r**2 + 22*r - 118. Let j be p(11). Suppose -4*b + o + 0*o + f = 0, 5*o = -j*b + 1719. Is b a composite number?
True
Let u(r) = 6994*r - 673. Is u(9) composite?
False
Let a be (-390)/(-150) - (-4)/10. Suppose 0 = 2*j - a*u - 246 + 88, 4*j = -2*u + 348. Is j a composite number?
True
Let i be 2478/4 - (-2)/4. Suppose 2*p - 37*p = -12705. Let j = i - p. Is j composite?
False
Let a be (-48)/80*10/(0 + -2). Suppose 0 = g - 2*j - 117 - 218